ommon divisor of 85453742 and 121.
11
What is the highest common divisor of 496 and 43800720?
16
Calculate the highest common divisor of 322 and 69697.
1
Calculate the highest common factor of 27 and 1756083.
3
Calculate the highest common factor of 41580 and 1183680.
540
What is the highest common divisor of 164 and 829037548?
164
Calculate the greatest common factor of 2146 and 1952638.
74
Calculate the greatest common divisor of 62279100 and 468.
468
What is the highest common factor of 1888094 and 26?
26
Calculate the greatest common divisor of 196 and 205256149.
49
Calculate the highest common factor of 329 and 85245263.
47
What is the greatest common divisor of 4278 and 81?
3
Calculate the greatest common factor of 1192 and 197286281.
149
Calculate the greatest common divisor of 33360659 and 2488.
311
Calculate the greatest common factor of 48 and 728854968.
24
What is the highest common divisor of 323545 and 5305?
5
What is the highest common factor of 135 and 215467101?
27
What is the highest common factor of 171 and 2010405447?
171
Calculate the greatest common factor of 21098961 and 4212.
1053
What is the highest common divisor of 11824612 and 91172?
3964
What is the greatest common divisor of 60 and 25654350?
30
Calculate the greatest common factor of 55751 and 2858667.
197
Calculate the greatest common factor of 7721 and 226891.
7
Calculate the highest common divisor of 3560820 and 3060.
1020
Calculate the highest common divisor of 755 and 183949559.
151
Calculate the greatest common divisor of 1830 and 168570.
30
Calculate the highest common factor of 1202886 and 16218.
306
What is the greatest common factor of 360 and 14379300?
180
Calculate the greatest common factor of 5215 and 1586999.
149
Calculate the greatest common divisor of 264 and 160569.
3
What is the highest common divisor of 10101 and 84751719?
1443
What is the greatest common divisor of 1107 and 129321?
9
What is the highest common factor of 484 and 1711303?
121
What is the greatest common factor of 164 and 5096341?
41
What is the greatest common divisor of 62208 and 1756728?
648
What is the highest common divisor of 4580466 and 726?
66
Calculate the greatest common divisor of 17632 and 15599.
19
Calculate the highest common divisor of 392 and 663736.
8
What is the highest common divisor of 588 and 984835516?
196
What is the highest common factor of 9 and 243756?
9
Calculate the greatest common divisor of 5840 and 3344495.
365
What is the greatest common divisor of 31242063 and 2163?
309
What is the highest common divisor of 3135090 and 329?
7
Calculate the greatest common divisor of 804600 and 77625.
675
What is the greatest common factor of 19677717 and 54?
9
Calculate the greatest common factor of 498 and 131893142.
166
Calculate the greatest common divisor of 407 and 56047193.
37
What is the greatest common divisor of 1147378 and 53406?
46
Calculate the greatest common factor of 10759068 and 99468.
324
Calculate the greatest common divisor of 1484129 and 3173.
167
What is the highest common factor of 68716758 and 66?
66
What is the highest common factor of 900521 and 2923?
79
What is the greatest common factor of 5913164 and 658?
94
What is the greatest common factor of 4599 and 20872593?
63
What is the greatest common divisor of 67914171 and 143?
13
What is the highest common factor of 21082225 and 125?
25
Calculate the highest common factor of 5171103 and 17696.
553
Calculate the greatest common factor of 12435730 and 940.
470
What is the highest common factor of 4000 and 1369750?
250
What is the greatest common factor of 70135 and 48697428?
1079
What is the highest common divisor of 22563 and 2194497?
981
Calculate the highest common divisor of 55427 and 568460.
43
Calculate the highest common factor of 53932 and 7789004.
556
Calculate the greatest common factor of 1015 and 2883818.
203
What is the highest common factor of 105725 and 24490139?
4229
Calculate the highest common divisor of 61903 and 36661.
601
Calculate the greatest common factor of 40009800 and 30.
30
What is the greatest common factor of 2594635 and 3660?
305
Calculate the highest common factor of 31027 and 3060881.
1349
Calculate the greatest common factor of 161522815 and 3265.
3265
Calculate the greatest common factor of 1275295 and 685.
5
What is the highest common factor of 1542459 and 391511?
4717
Calculate the greatest common divisor of 1209 and 489707.
31
What is the greatest common factor of 26923748 and 716?
716
What is the highest common divisor of 654 and 749883921?
327
Calculate the highest common factor of 2989 and 4067162190.
2989
What is the greatest common divisor of 247826 and 36227?
17
What is the greatest common divisor of 2228138 and 638?
22
Calculate the highest common factor of 693 and 2031546.
33
What is the greatest common divisor of 432078204 and 1477?
211
Calculate the greatest common factor of 512043081 and 363.
363
What is the greatest common divisor of 10209342 and 876?
438
Calculate the greatest common factor of 2020 and 9397900.
20
What is the greatest common divisor of 69153 and 17444?
623
Calculate the greatest common divisor of 1098 and 2156058.
18
Calculate the highest common divisor of 142041 and 3692049.
339
What is the greatest common divisor of 1497980 and 1572260?
12380
Calculate the highest common factor of 201590 and 1098770.
190
Calculate the highest common factor of 308664567 and 27.
27
Calculate the highest common divisor of 30665 and 5210.
5
What is the highest common factor of 50569470 and 343?
49
Calculate the greatest common factor of 9365529 and 13588.
3397
Calculate the greatest common divisor of 1397734 and 78.
26
What is the highest common factor of 1605358 and 515?
103
Calculate the highest common factor of 5910 and 5424395.
985
Calculate the greatest common factor of 7317126 and 612.
18
What is the highest common factor of 8245195 and 70?
35
What is the greatest common factor of 2 and 886934?
2
Calculate the highest common divisor of 6827920 and 146960.
880
Calculate the greatest common divisor of 203511 and 322707.
231
Calculate the highest common divisor of 14477872 and 752.
16
Calculate the greatest common factor of 662241876 and 24060.
4812
Calculate the highest common divisor of 9826 and 2395572.
34
What is the greatest common divisor of 233441889 and 849?
849
What is the highest common divisor of 3051080 and 46480?
3320
Calculate the highest common divisor of 632928 and 252624.
912
What is the highest common factor of 36115 and 540020?
155
Calculate the highest common factor of 915 and 253307685.
915
Calculate the greatest common factor of 379130241 and 717.
717
Calculate the greatest common factor of 11 and 1950455881.
11
What is the highest common factor of 47104 and 59264?
128
What is the highest common factor of 1415438625 and 25?
25
What is the greatest common factor of 143 and 1825837?
13
What is the greatest common factor of 929487 and 351?
39
What is the highest common divisor of 29 and 2277381455?
29
What is the greatest common factor of 1708 and 79892554?
854
Calculate the greatest common factor of 4675535 and 5.
5
What is the highest common divisor of 638 and 1683242?
22
Calculate the greatest common divisor of 82397 and 89698.
1043
What is the highest common divisor of 128232 and 99462?
822
What is the highest common factor of 15179560 and 15840?
440
What is the greatest common divisor of 56212455 and 14229?
1581
What is the highest common divisor of 43 and 292434529?
43
Calculate the highest common divisor of 16276 and 421928.
52
Calculate the greatest common factor of 827189 and 44341.
1529
What is the greatest common divisor of 121467486 and 372?
186
Calculate the greatest common divisor of 13601845 and 2641.
139
What is the highest common divisor of 2611752 and 85800?
3432
What is the highest common divisor of 4 and 1400858?
2
What is the greatest common divisor of 885017212 and 102?
34
What is the highest common divisor of 96 and 350943?
3
What is the highest common divisor of 261482 and 6102?
226
What is the highest common factor of 1196426 and 442?
34
What is the highest common factor of 2025 and 684025?
25
What is the highest common factor of 50728 and 51?
17
What is the greatest common divisor of 176 and 1